{"id":133,"date":"2018-01-22T08:00:28","date_gmt":"2018-01-22T08:00:28","guid":{"rendered":"https:\/\/careerfy.net\/hireright\/?page_id=930"},"modified":"2019-12-12T15:03:07","modified_gmt":"2019-12-12T15:03:07","slug":"news","status":"publish","type":"page","link":"https:\/\/www.grupopro.pe\/Portal\/news\/","title":{"rendered":"Gesti\u00f3n de Talento"},"content":{"rendered":"<div class=\"vc_row wpb_row vc_row-fluid vc_custom_1576013382527 vc_row-has-fill\"><div class=\"wpb_column vc_column_container vc_col-sm-6\"><div class=\"vc_column-inner\"><div class=\"wpb_wrapper\"><div class=\"careerfy-element-title\"><h2 style=\"color: #ffffff;text-align: center;font-family:Montserrat;font-weight:700;font-style:normal\" class=\"vc_custom_heading vc_custom_1576162981144\">GESTI\u00d3N DE TALENTO<\/h2><\/div><div class=\"vc_empty_space\"   style=\"height: 32px\"><span class=\"vc_empty_space_inner\"><\/span><\/div>\n\t<div class=\"wpb_text_column wpb_content_element  vc_custom_1576094723902\" >\n\t\t<div class=\"wpb_wrapper\">\n\t\t\t<h5 align=\"justify\">Ofrecemos un <strong>servicio integral<\/strong> de asesor\u00eda e implementaci\u00f3n\u00a0 en la <strong>gesti\u00f3n<\/strong> del talento humano del cliente, permitiendo centrarse en el objetivo del negocio.<\/h5>\n\n\t\t<\/div>\n\t<\/div>\n<\/div><\/div><\/div><div class=\"wpb_column vc_column_container vc_col-sm-6 vc_col-has-fill\"><div class=\"vc_column-inner vc_custom_1575996560961\"><div class=\"wpb_wrapper\"><div class=\"vc_empty_space\"   style=\"height: 128px\"><span class=\"vc_empty_space_inner\"><\/span><\/div><div class=\"vc_empty_space\"   style=\"height: 128px\"><span class=\"vc_empty_space_inner\"><\/span><\/div><div class=\"vc_empty_space\"   style=\"height: 128px\"><span class=\"vc_empty_space_inner\"><\/span><\/div><div class=\"vc_empty_space\"   style=\"height: 128px\"><span class=\"vc_empty_space_inner\"><\/span><\/div><\/div><\/div><\/div><\/div>\n","protected":false},"excerpt":{"rendered":"GESTI\u00d3N DE TALENTO Ofrecemos un servicio integral de asesor\u00eda e implementaci\u00f3n\u00a0 en la gesti\u00f3n del talento humano del cliente, permitiendo centrarse en el objetivo del negocio.","protected":false},"author":1,"featured_media":0,"parent":0,"menu_order":0,"comment_status":"closed","ping_status":"closed","template":"","meta":{"footnotes":""},"class_list":["post-133","page","type-page","status-publish","hentry"],"_links":{"self":[{"href":"https:\/\/www.grupopro.pe\/Portal\/wp-json\/wp\/v2\/pages\/133","targetHints":{"allow":["GET"]}}],"collection":[{"href":"https:\/\/www.grupopro.pe\/Portal\/wp-json\/wp\/v2\/pages"}],"about":[{"href":"https:\/\/www.grupopro.pe\/Portal\/wp-json\/wp\/v2\/types\/page"}],"author":[{"embeddable":true,"href":"https:\/\/www.grupopro.pe\/Portal\/wp-json\/wp\/v2\/users\/1"}],"replies":[{"embeddable":true,"href":"https:\/\/www.grupopro.pe\/Portal\/wp-json\/wp\/v2\/comments?post=133"}],"version-history":[{"count":69,"href":"https:\/\/www.grupopro.pe\/Portal\/wp-json\/wp\/v2\/pages\/133\/revisions"}],"predecessor-version":[{"id":1263,"href":"https:\/\/www.grupopro.pe\/Portal\/wp-json\/wp\/v2\/pages\/133\/revisions\/1263"}],"wp:attachment":[{"href":"https:\/\/www.grupopro.pe\/Portal\/wp-json\/wp\/v2\/media?parent=133"}],"curies":[{"name":"wp","href":"https:\/\/api.w.org\/{rel}","templated":true}]}}